27043.
153
Calculate the greatest common factor of 28 and 174619844.
28
Calculate the greatest common divisor of 72100674 and 897464.
13198
What is the highest common factor of 856 and 543239?
107
Calculate the greatest common divisor of 68634 and 91061.
41
Calculate the highest common divisor of 174 and 273918.
6
Calculate the highest common divisor of 27319 and 833.
17
Calculate the highest common divisor of 3550745 and 60.
5
Calculate the highest common factor of 1500 and 58473300.
300
What is the highest common divisor of 58911926 and 3218?
3218
What is the greatest common divisor of 52902 and 2574?
18
Calculate the greatest common factor of 12132703 and 1174.
587
What is the highest common divisor of 11 and 75712153?
11
What is the greatest common divisor of 95 and 40364588?
19
Calculate the greatest common factor of 2793999 and 372.
93
Calculate the greatest common factor of 6700 and 622240725.
1675
Calculate the greatest common divisor of 618882 and 1980.
66
Calculate the greatest common divisor of 169535 and 30750.
205
Calculate the greatest common factor of 949 and 34783259.
73
Calculate the greatest common divisor of 8 and 61146174.
2
What is the greatest common factor of 537 and 442694387?
179
Calculate the greatest common divisor of 891263052 and 1908.
1908
What is the highest common divisor of 18244 and 254426263?
4561
What is the greatest common factor of 143304 and 1168860?
84
What is the greatest common factor of 4550 and 110194175?
2275
Calculate the greatest common divisor of 327701440 and 1232.
176
Calculate the greatest common divisor of 700383584 and 32.
32
Calculate the highest common divisor of 14232 and 61968.
24
What is the highest common divisor of 27878960 and 330?
10
What is the greatest common factor of 1560 and 25718810?
130
Calculate the greatest common divisor of 31404384 and 13248.
6624
What is the greatest common divisor of 437 and 33309589?
23
What is the highest common divisor of 8511202 and 114?
38
Calculate the greatest common divisor of 256 and 6248576.
128
What is the greatest common factor of 7 and 437007263?
7
What is the highest common factor of 2497470 and 120?
30
Calculate the highest common factor of 384 and 2621664.
96
What is the highest common factor of 4947 and 11940409?
1649
What is the highest common factor of 1588811 and 22715?
413
What is the greatest common divisor of 5474664 and 832?
104
What is the greatest common divisor of 4959 and 6899274?
261
Calculate the greatest common factor of 170301544 and 26005.
5201
Calculate the greatest common factor of 7 and 273348992.
7
Calculate the highest common factor of 2895 and 218832471.
579
What is the greatest common divisor of 12215832 and 4248?
1416
What is the greatest common factor of 65080 and 122560?
40
What is the highest common divisor of 15 and 21918?
3
Calculate the greatest common divisor of 20713013 and 226.
113
Calculate the greatest common factor of 441588198 and 5156.
2578
What is the highest common factor of 1704639 and 9966?
453
What is the greatest common divisor of 2960336 and 16224?
16
What is the greatest common divisor of 139827746 and 1823?
1823
What is the greatest common divisor of 99 and 89528802?
33
What is the greatest common divisor of 278690 and 75110?
290
What is the greatest common divisor of 18862470 and 522?
522
Calculate the highest common factor of 7761560 and 1450.
290
Calculate the greatest common factor of 243 and 5417091.
27
What is the greatest common divisor of 1131999 and 5577?
33
Calculate the greatest common factor of 15129594 and 755875.
6047
What is the greatest common divisor of 9368392 and 88?
88
Calculate the greatest common divisor of 54902913 and 26.
13
Calculate the highest common divisor of 2277 and 29693367.
99
Calculate the highest common divisor of 1344 and 633408.
192
What is the greatest common factor of 34953520 and 3220?
140
Calculate the highest common factor of 30361 and 720904.
97
What is the greatest common divisor of 814553040 and 1680?
1680
What is the highest common divisor of 5253 and 628099?
17
Calculate the highest common divisor of 348854 and 39996.
2222
Calculate the greatest common divisor of 29817413 and 14424.
601
Calculate the highest common factor of 21605200 and 175.
25
What is the greatest common factor of 3269 and 2166413?
467
Calculate the highest common divisor of 340162375 and 2625.
875
Calculate the highest common factor of 141 and 192236909.
47
What is the highest common factor of 783751272 and 136?
136
What is the greatest common factor of 6369296 and 93536?
1264
Calculate the highest common divisor of 8765 and 73753969.
1753
What is the greatest common factor of 63261 and 1199772?
81
Calculate the greatest common factor of 5518 and 92504.
62
Calculate the highest common factor of 411994 and 47244230.
6754
Calculate the greatest common factor of 2587905 and 1043415.
5895
What is the greatest common factor of 11520782 and 2548?
1274
What is the highest common factor of 428803 and 1531979?
1889
Calculate the greatest common divisor of 109 and 85841.
1
Calculate the greatest common factor of 2938 and 2454134.
226
What is the highest common factor of 121 and 7185046?
11
What is the highest common factor of 40595 and 180665?
115
Calculate the highest common factor of 6 and 5411.
1
Calculate the greatest common divisor of 2117 and 2585222.
73
What is the greatest common factor of 145122388 and 856?
428
What is the greatest common divisor of 183448 and 5704?
184
Calculate the highest common factor of 2018212 and 186592.
1372
What is the greatest common divisor of 360355 and 2158415?
3715
What is the highest common factor of 1478 and 35737301?
739
Calculate the greatest common divisor of 6384 and 17137449.
399
What is the greatest common divisor of 1190 and 5629006?
34
Calculate the greatest common divisor of 249066 and 1407132.
1818
What is the highest common factor of 3816 and 6056?
8
What is the highest common factor of 14 and 206166366?
14
What is the highest common divisor of 203 and 873716669?
203
What is the greatest common factor of 26876 and 1940?
4
What is the greatest common divisor of 30216 and 895990012?
5036
Calculate the greatest common divisor of 756 and 595740.
12
Calculate the greatest common divisor of 11789103 and 42270.
4227
Calculate the highest common factor of 194 and 1025126943.
97
What is the greatest common factor of 52 and 502904363?
13
What is the greatest common divisor of 1140048 and 5684?
812
What is the highest common factor of 2253 and 9957?
3
What is the greatest common factor of 6851 and 6554299?
527
What is the highest common factor of 1123612 and 23842?
14
What is the highest common factor of 459 and 283792203?
153
What is the highest common factor of 1536 and 30340608?
1536
What is the highest common factor of 151536 and 2586444?
3444
Calculate the greatest common divisor of 69194989 and 1153.
1153
What is the highest common factor of 531 and 28006002?
531
What is the greatest common divisor of 5312069 and 70?
7
What is the greatest common divisor of 1083830 and 56947?
1837
Calculate the greatest common divisor of 1784916 and 924.
84
What is the greatest common factor of 100575 and 2701350?
675
What is the greatest common factor of 768 and 1231782?
6
What is the highest common factor of 16384922 and 1433?
1433
What is the highest common divisor of 3776 and 1088559440?
944
Calculate the greatest common divisor of 52390990 and 9640.
2410
Calculate the greatest common divisor of 33260382 and 486.
486
Calculate the highest common divisor of 55 and 745315.
5
Calculate the greatest common factor of 6246 and 32532291.
3123
Calculate the highest common divisor of 402363 and 10498.
181
What is the highest common divisor of 6392 and 4044232?
136
Calculate the highest common divisor of 69 and 42348543.
69
What is the highest common factor of 15 and 104911830?
15
What is the highest common divisor of 3497708416 and 6736?
6736
Calculate the greatest common factor of 50991593 and 129.
43
Calculate the greatest common divisor of 68 and 12750986.
34
What is the highest common factor of 308 and 7457527?
77
What is the greatest common divisor of 450455 and 1840?
115
Calculate the highest common divisor of 8626500 and 16330.
710
Calculate the h